 of 4390 and 7463.
439
What is the highest common factor of 2050 and 781870?
410
What is the greatest common factor of 106 and 214915?
53
What is the highest common divisor of 4202073 and 18?
9
What is the greatest common divisor of 7288 and 48?
8
What is the highest common divisor of 267755 and 15?
5
What is the greatest common divisor of 225 and 17225?
25
What is the highest common divisor of 150 and 2802?
6
What is the greatest common factor of 455 and 4641?
91
What is the highest common divisor of 61812 and 56304?
612
Calculate the greatest common divisor of 2007299 and 5838.
973
What is the highest common factor of 7488 and 81?
9
Calculate the greatest common factor of 5077441 and 289.
289
What is the highest common divisor of 150763 and 2889?
107
Calculate the greatest common factor of 9482 and 4752.
22
Calculate the greatest common factor of 20 and 4486480.
20
What is the highest common factor of 117 and 14274?
117
What is the highest common divisor of 1359 and 1737?
9
What is the greatest common divisor of 224 and 2144?
32
What is the greatest common divisor of 2957185 and 55?
55
What is the highest common factor of 2630 and 1164038?
526
Calculate the highest common divisor of 436 and 52102.
218
What is the highest common factor of 505750 and 1734?
578
What is the greatest common factor of 306 and 422316?
18
What is the highest common divisor of 1620 and 1280?
20
Calculate the greatest common divisor of 234 and 12456.
18
What is the greatest common divisor of 403 and 1333?
31
What is the greatest common divisor of 51 and 357?
51
What is the highest common divisor of 291 and 603?
3
What is the highest common factor of 6872085 and 9?
9
Calculate the greatest common factor of 275 and 3750.
25
Calculate the highest common divisor of 14058 and 90.
18
Calculate the highest common factor of 310 and 3255.
155
Calculate the highest common factor of 66566 and 498.
166
What is the greatest common divisor of 280 and 102680?
40
What is the greatest common factor of 25 and 1099325?
25
What is the greatest common divisor of 87581 and 13?
13
What is the greatest common factor of 964438 and 4318?
254
Calculate the highest common divisor of 410 and 1810.
10
What is the highest common divisor of 11776 and 48?
16
Calculate the greatest common factor of 5313 and 63.
21
What is the highest common factor of 4305 and 280?
35
What is the greatest common factor of 40 and 125288?
8
Calculate the highest common factor of 81474 and 222.
222
What is the greatest common divisor of 26554 and 1496?
374
What is the greatest common divisor of 21618 and 1080?
18
What is the highest common factor of 144001 and 8056?
1007
What is the highest common factor of 198 and 264?
66
Calculate the greatest common divisor of 2450 and 39275.
25
What is the greatest common divisor of 65646 and 882?
126
Calculate the greatest common divisor of 7239 and 762.
381
What is the greatest common factor of 9 and 10543023?
9
Calculate the highest common divisor of 4 and 114698.
2
What is the greatest common divisor of 3605 and 2756383?
721
What is the greatest common factor of 336 and 1659?
21
What is the highest common factor of 128071 and 1691?
89
What is the greatest common factor of 562400 and 4625?
925
Calculate the greatest common factor of 69930 and 350.
70
What is the highest common factor of 6942 and 1765938?
534
Calculate the greatest common divisor of 56 and 141148.
28
Calculate the greatest common divisor of 15555 and 17835.
15
What is the greatest common factor of 236664 and 519?
519
Calculate the greatest common factor of 8514 and 2178.
198
What is the greatest common factor of 472 and 5096?
8
What is the highest common divisor of 988 and 208520?
52
What is the greatest common factor of 582 and 9798?
6
Calculate the greatest common divisor of 136 and 102374.
34
What is the greatest common divisor of 61375 and 10375?
125
Calculate the highest common factor of 5014 and 5668.
218
Calculate the highest common factor of 72874 and 10975.
439
Calculate the highest common divisor of 45 and 528765.
15
Calculate the greatest common divisor of 150 and 92406.
6
What is the greatest common divisor of 4688 and 25136?
16
What is the highest common divisor of 118281 and 267?
267
Calculate the highest common factor of 6524 and 1708.
28
Calculate the greatest common divisor of 14736 and 5712.
48
What is the highest common factor of 448 and 11050816?
448
What is the highest common factor of 36 and 469324?
4
What is the greatest common factor of 162735 and 19?
19
Calculate the greatest common factor of 27903 and 3537.
393
What is the highest common factor of 21998 and 6698?
34
What is the highest common divisor of 9703 and 16589?
313
What is the greatest common divisor of 69916 and 1362?
454
Calculate the greatest common divisor of 7436 and 39446.
22
What is the highest common divisor of 1862 and 7049?
133
What is the greatest common divisor of 544 and 8192?
32
Calculate the greatest common divisor of 4676 and 252.
28
Calculate the highest common divisor of 17412 and 6.
6
What is the highest common factor of 4743 and 372?
93
What is the highest common factor of 154 and 439274?
22
Calculate the highest common divisor of 4 and 262365.
1
Calculate the highest common divisor of 1704950 and 1950.
650
What is the highest common factor of 477 and 106371?
477
What is the highest common divisor of 4086 and 128482?
454
Calculate the highest common divisor of 2044 and 115924.
292
What is the greatest common factor of 76 and 5149?
19
Calculate the highest common factor of 135716 and 8806.
518
Calculate the greatest common divisor of 780 and 15054.
78
What is the highest common divisor of 1284396 and 84?
12
What is the greatest common divisor of 4034360 and 8?
8
What is the greatest common factor of 766 and 17000604?
766
What is the highest common divisor of 66236 and 1276?
116
What is the highest common divisor of 32 and 4?
4
What is the greatest common factor of 25 and 60025?
25
What is the greatest common factor of 9 and 330921?
9
Calculate the highest common factor of 2 and 415102.
2
Calculate the highest common divisor of 1443 and 736707.
111
What is the highest common factor of 172270 and 35?
35
What is the highest common divisor of 32 and 1728656?
16
What is the highest common divisor of 74 and 238946?
74
What is the greatest common divisor of 104 and 38519?
13
What is the highest common factor of 257904 and 36?
36
What is the greatest common divisor of 67626 and 6786?
234
Calculate the greatest common factor of 52 and 50791.
13
What is the highest common factor of 261 and 27?
9
What is the greatest common factor of 62998 and 52?
26
What is the highest common factor of 14 and 159586?
14
Calculate the greatest common factor of 3556 and 980.
28
Calculate the greatest common divisor of 180 and 9550.
10
What is the greatest common divisor of 45704 and 2?
2
What is the greatest common factor of 45 and 110907?
9
Calculate the greatest common divisor of 208660 and 460.
20
Calculate the highest common factor of 3945 and 6.
3
What is the highest common divisor of 198575 and 25?
25
What is the highest common divisor of 23832 and 864?
72
Calculate the highest common factor of 370 and 3626.
74
Calculate the greatest common divisor of 468 and 5664.
12
What is the highest common divisor of 42496 and 1664?
128
What is the greatest common divisor of 2016 and 214992?
144
Calculate the highest common divisor of 115 and 64101.
23
Calculate the greatest common factor of 1 and 365808.
1
What is the highest common divisor of 26456 and 24?
8
What is the greatest common divisor of 28593 and 486?
81
What is the greatest common factor of 1 and 868486?
1
What is the greatest common factor of 880 and 87472?
176
Calculate the greatest common divisor of 17633 and 4312.
77
What is the greatest common factor of 168 and 21420?
84
Calculate the highest common factor of 132 and 636.
12
What is the greatest common factor of 28 and 127708?
28
What is the highest common divisor of 690307 and 1589?
227
What is the greatest common factor of 31 and 209901?
31
Calculate the greatest common divisor of 20 and 652660.
20
Calculate the greatest common divisor of 31270 and 155.
5
Calculate the highest common divisor of 2180 and 61585.
545
Calculate